composite?
False
Suppose 26*i - 494086 = -20*i. Is i a composite number?
True
Let r(z) = 271*z**2 + 23*z + 43. Is r(-2) prime?
False
Is (-6 - -5)*(1 - 54966) a composite number?
True
Suppose 50*z = 59*z - 12573. Is z prime?
False
Let l(h) = 16*h + 3. Let t be -1 + -3 + 2 + -4. Let o = t - -11. Is l(o) a prime number?
True
Suppose 3*z = z + 5*d + 5753, -2*z + 4*d + 5752 = 0. Suppose z = -0*x + 3*x. Suppose 4*q + 2*p - 1916 = -2*p, x = 2*q - p. Is q a composite number?
False
Suppose -101*g = -104*g + 13641. Is g composite?
False
Suppose 0 = 3*y + y - 16. Suppose -2*p + 28 = -2*n, y*n - 5*p = -0*n - 55. Is ((-38)/3 + 3)*n a composite number?
True
Let f(x) = -5251*x - 120. Is f(-5) prime?
False
Let s(m) = 10*m**2 + 4*m - 1. Let d = -1 + 8. Suppose -d*a + 8 = -9*a. Is s(a) a prime number?
False
Let w(m) = m**3 - 7*m**2 + 10*m + 4. Let z be w(5). Let g(i) = -1 + 5*i + 21*i**2 - 9 - z*i + 1. Is g(4) prime?
True
Let a(k) = 21*k - 40. Let u be a(18). Let l(d) = -d**3 + 4*d**2 + d - 1. Let q be l(4). Suppose q*b - b = u. Is b a prime number?
False
Suppose j = 1063 + 920. Is j composite?
True
Is ((-1)/2)/(49/(-2049572)) prime?
False
Let b = -32 + 1686. Is b composite?
True
Suppose 28*s - 30*s - h + 33571 = 0, 0 = 4*s - 4*h - 67160. Is s composite?
False
Suppose u + 1 - 3 = 0. Suppose -m = -t + 1314, -t - 2*m = -u*t + 1309. Is t a composite number?
False
Suppose -181 = -2*x + g - 5, 0 = 2*x + 4*g - 186. Suppose x + 38 = m. Is m prime?
True
Let u = 14062 + -8487. Suppose -6711 - u = -2*i. Is i a composite number?
False
Suppose 2*d = j + 7732, 4*d - 15466 = 8*j - 5*j. Is d a composite number?
True
Let x = -3 + -2. Let t(q) be the second derivative of q**5/20 + q**4/2 + 5*q**3/6 + 3*q**2/2 + 6*q. Is t(x) a composite number?
False
Let g = 48191 - 29448. Is g a prime number?
True
Suppose 3748 = 2*v - 6246. Is v composite?
True
Suppose -1 = c - 5. Suppose 2*h - c*h = -2*s - 4, -2*h - 3*s - 1 = 0. Suppose 288 = 2*u + 2*k, 5*k + 4 = -h. Is u prime?
False
Let k(n) = 439*n**3 + n**2 + 9*n - 10. Is k(3) a composite number?
True
Suppose -3*f - 2*r - 6913 = -39170, 4*r + 10757 = f. Is f a prime number?
True
Let x(q) = 5304*q - 1067. Is x(6) a composite number?
False
Let k be 13/5 + (-6)/(-15). Let o(t) = 3*t - 4. Let f be o(k). Suppose -2*i + 3*x + 291 = 0, f*i - 3*x = 913 - 199. Is i prime?
False
Let l be 3 - 10/(-6)*3. Suppose -149 = l*j - 9*j. Is j a composite number?
False
Suppose 3*m + 5*p - 59 = 0, 3*m + p + 0*p = 55. Suppose 3*x = -2*k + 32, -2*x + m = -k - k. Let t(j) = j**3 - 5*j**2 - 13*j - 3. Is t(x) composite?
False
Suppose -5*u = -5*s - 8 - 32, -3*u + 4*s + 29 = 0. Let h(o) = -7*o**2 - 3*o**2 - 3*o + o**u - 6*o. Is h(11) composite?
True
Let i be 580/(0 - (-2)/8) - -2. Let v = i - -1625. Is v composite?
False
Let n = -1 - -3. Suppose 0 = -n*c - 4*u + u + 1045, 3*u - 1575 = -3*c. Suppose 4*p - b = c, 5*p + 4*b - 673 = -0*b. Is p a composite number?
True
Suppose -5*s + 4*n + 5595 = -0*n, 3*n - 15 = 0. Is s a prime number?
True
Let s(b) = -13*b**2 + 14*b + 20. Let o(k) = 25*k**2 - 29*k - 39. Let h(i) = -3*o(i) - 7*s(i). Is h(-6) prime?
True
Let v(t) = 118*t - 10. Let y be v(17). Let n = 3531 - y. Is n a composite number?
True
Suppose -6 = -6*r - 366. Let q = 251 - r. Is q a composite number?
False
Let j be (8/5)/((-20)/50). Let v(l) = -7*l**3 - 2*l**2 + 8*l - 5. Is v(j) composite?
False
Suppose -4*n - 2 = -5*b, 4*b + 2*n = 3*b + 6. Let i = -139 + 283. Suppose t = 3*p - 95, 4*p + b*t - i = -t. Is p composite?
True
Let i = -46 + 51. Suppose -5*x = 4*v - 993, i*x = 2*x + 3*v + 612. Is x a prime number?
False
Let w = 1596 - -335. Is w composite?
False
Suppose -7*k + 8*k = s + 136, k + 4*s - 151 = 0. Let n be 3/12 - (-1335)/4. Let h = n + k. Is h a composite number?
True
Suppose -36*v + 13689 = -54531. Is v composite?
True
Let r be (-402)/(-78) + 2/(-13). Suppose 3*s + 18 = 5*w, -4*s = s + r*w - 10. Is s/(-2) + 12584/16 prime?
True
Let b be (-1013)/7 + (-4)/14. Let c = 59 - 119. Let n = c - b. Is n a composite number?
True
Suppose 59*k + 2*k - 495503 = 0. Is k prime?
True
Suppose 13 + 3 = 4*b. Suppose t - 1181 = -2*z + 774, -3905 = -b*z + 3*t. Is z a composite number?
False
Let b(z) = 120*z**2 - 4*z + 7. Is b(-4) a prime number?
False
Let j be ((-2)/2)/(1/(-6)). Suppose j*u - u = 3*n - 107, 2*u + 191 = 5*n. Let a = 88 - n. Is a a composite number?
True
Suppose -2*a - 8 = -6*a. Let w = -683 - -1130. Suppose -w = -a*c + 5*d, 2*c = 2*d - 4*d + 440. Is c a composite number?
True
Suppose 6*a = 2*a + 32. Let p = -8 + a. Suppose p = -5*v + 5 + 110. Is v a composite number?
False
Let l be 1*(-2 - 0) + 5. Suppose 3*y - 4*h = 1099, -l*y = -0*h + 3*h - 1071. Is y composite?
True
Let x = 18287 + -4786. Is x a composite number?
True
Suppose 0 = 4*c + 2*c + 30. Let l be (-20)/c - 357/(-3). Is (-2 - l/9)*-6 a prime number?
False
Is 10/(-4)*2*15937/(-5) a composite number?
False
Let l(q) = -53*q**2 - 3*q + 5. Let c be l(4). Let y = -524 - c. Is y prime?
True
Suppose 9*l + 5*l = 16730. Is l a prime number?
False
Suppose 3*x - 5*z - 6 = 0, 17*z + 6 = 3*x + 15*z. Let i(p) be the first derivative of 71*p**2/2 + 4*p + 1. Is i(x) a composite number?
True
Let t(g) = -3659*g**3 + 13*g**2 + 24*g + 2. Is t(-2) composite?
True
Suppose -3*x = 2*t - 113069, 2*x - 6*t - 75384 = -5*t. Is x a prime number?
True
Let y = -55 + 48. Is (-1*61)/(y/14) a composite number?
True
Suppose -28*d + 458522 - 161470 = 0. Is d composite?
True
Let x = -397 - -1466. Is x a prime number?
True
Let a be 1/(-3) - (5 - 91/21). Let v be (144 + -1)/(-1) - 1. Is (a + v)/(-6 + 5) composite?
True
Let x(z) = -44*z**3 + 3*z**2 + 2*z - 1. Let r = 17 + -15. Let v = r + -4. Is x(v) composite?
False
Suppose 4*r + 1115 + 1325 = 0. Let s = -411 - r. Is s a prime number?
True
Let c(t) = 4*t**3 + 5*t**2 - 7*t + 14. Let w(x) = 2*x**3 + 2*x**2 - 3*x + 7. Let h(s) = 3*c(s) - 7*w(s). Is h(-8) a composite number?
True
Let b = 115 - 344. Let i = 464 + b. Is i a prime number?
False
Suppose -18*q + 20*q - 1948 = 0. Is q a composite number?
True
Let n = -22006 + 45795. Is n a prime number?
True
Let w = 48 + -28. Suppose 21*j - 16*j = w. Suppose -j*n + 1260 = -416. Is n a prime number?
True
Let w be (3 - 15546/(-30)) + (-1)/5. Let d = w + 1524. Is d a prime number?
False
Let b(z) = 2819*z - 4. Let m be b(2). Let o = m - 1825. Is o composite?
True
Let z(p) = 5*p**3 + 7*p**2 - 3*p. Let q(g) = 4*g**3 + 8*g**2 - 3*g - 1. Let r(c) = 4*q(c) - 3*z(c). Is r(-9) prime?
False
Let h be (27/12)/((-1)/4). Let b be 1434 + (-5)/((-15)/h). Suppose 3*o = -4*u + 1319, 2*o = 5*u - 189 - b. Is u a composite number?
True
Let f(y) = -820*y**3 - 1. Is f(-2) composite?
True
Suppose -3*k + 2*k + 16 = 0. Suppose 0 = 4*f + k, -4*b + 0*b = 4*f + 552. Let n = b + 213. Is n prime?
True
Suppose -4*c = -c + 3*k, -15 = 4*c + k. Let r be 3 - (c - (1 + -3)). Suppose 69 = 9*f - r*f. Is f a prime number?
True
Suppose -x + 5*r + 19 = 0, 1 = -2*x + r + 3. Is 303 + x - (-12 + 16) a prime number?
False
Suppose 3*b + 22*b - 167725 = 0. Is b prime?
True
Let l(f) = 3*f**2 - 15*f + 6. Let j be l(4). Is -1294*(3 - (-21)/j) composite?
False
Suppose -6*r = -14*r + 204808. Is r composite?
False
Suppose 882 - 195 = -3*a. Let f = 464 + a. Suppose 3*u = -q + 211, q + 0*q - 3*u = f. Is q a prime number?
True
Suppose -4*r = -2*r. Suppose 0 = -5*m + 4*n - 12, 0 = 5*m - 3*m + 2*n - 6. Suppose r*s - s + 305 = m. Is s composite?
True
Suppose -y + 8 = 7. Suppose -4*d + 5 = 3*c + y, 0 = -3*d - 6. Suppose u + 711 = c*u. Is u a composite number?
True
Let d be (2 + 1)*(-3288)/(-36). Let v = -117 + d. Is v composite?
False
Let u = 29 + -30. Is ((-2)/u)/(8/1388) a prime number?
True
Is 51010/46 - 16/(-184) composite?
False
Suppose -t + 51032 = 5*m, -62*m + 4*t + 51047 = -57*m. Is m a prime number?
False
Suppose 2*x - 16 = -5*l, 0 = -3*x + l + 8 - 1. Suppose 3*a + 2*t - 657 = 62, -x*a - 4*t = -727. Is a composite?
True
Let d = 168 + 415. Suppose 3*m - 5*m - 2937 = -5*b, -b = 4*m - d. Is b composite?
False
Is (715410/(-72))/((-2)/8) composite?
True
Let s be 6/(-27) - (-33)/27. Let i(x) = 0*x - 3*x - s - x**3 + 7*x**2 - x**3 + x**3. Is i(4) composite?
True
Let z = 275 - 1604. Let c = z + 2686. Is c prime?
False
Let x(d) = -251*d - 11. Let i = -42 + 38. Is x(i) composite?
True
Suppose 5*d = -5*j + 5, -3*